uppose -443 = -r + 501. Let h = 1334 - r. What is the units digit of h?
0
Let w be (330/25 - -4)*-110. Let s = w - -2695. What is the hundreds digit of s?
8
Let t = -16 + 0. Let b = t - -32. What is the tens digit of b?
1
Let o = 4 + 6. Suppose -6*p + o = -20. Suppose 3*n - p*y = -n + 276, y = -5*n + 345. What is the tens digit of n?
6
Suppose 0 = 2*k - 3*c + 107, -3*k = -2*k - c + 51. Let g(t) = 3*t**3 + 21*t**2 + 9*t + 7. Let w be g(-5). Let u = w + k. What is the units digit of u?
6
Let b be -1 + 1 - 1 - (6 - 11). Let k be (-1)/(-4)*b - (-1401)/3. Suppose 6*f + k = 1500. What is the units digit of f?
2
Suppose j = -2*h + 2, -h = 5*j - 0 + 17. Let y be ((-4)/h)/(4/6). What is the tens digit of (-238)/(-6 + 4) + y?
1
Let t = 2980 + 7736. What is the hundreds digit of t?
7
Let j be 149772/(-8)*16/(-6). Suppose 21*x = -7*x + j. What is the hundreds digit of x?
7
Suppose t - 21 = -5*w + 44, -w + t = -7. Suppose 0 = 4*s + w, 3*h + s - 999 = 534. What is the units digit of h?
2
Let i = -5148 - -9626. What is the units digit of i?
8
What is the hundreds digit of -6 + 624/112 - (1 - (-2299)/(-7))?
3
Suppose 0 = -208*d + 111499 + 171589. What is the thousands digit of d?
1
Let t(k) = 2*k**2 + 16*k - 23. Let p be t(-12). Let v = p + -19. Suppose 6*d = -v + 1146. What is the units digit of d?
2
Suppose 0 = -9*c + 27. Suppose -227 = -c*u + 310. What is the units digit of u?
9
Suppose -25*x + 383 = -292. Suppose 0 = -14*h + x*h - 5174. What is the hundreds digit of h?
3
Suppose 11*g = 6*g - 4*q + 27610, 0 = -4*g - 4*q + 22092. What is the tens digit of g?
1
What is the units digit of (10 + 0)/(-3 - (-4746)/1578)?
5
Suppose -6010 - 16103 = -13*a. Suppose -89*w = -96*w + a. What is the hundreds digit of w?
2
Let a(h) = 4*h**3 - 2*h**2 + 6*h + 1209. Let m(z) = -10*z**3 + 5*z**2 - 17*z - 3627. Let w(r) = -8*a(r) - 3*m(r). What is the thousands digit of w(0)?
1
Suppose -615 = -3*f - 2*f. Suppose 2*m - 7*s - f = -2*s, 2*s = -3*m + 175. Suppose 62*j - m*j = 366. What is the hundreds digit of j?
1
Let j(l) = -5*l + 16. Let t be j(-7). Suppose -52*q = -t*q - 1. What is the tens digit of (34 - q) + 4*3/(-4)?
3
Suppose -o + 58669 = 5*r, 27*o - 24*o = -r + 175993. What is the units digit of o?
4
Let c(f) = -4*f**2 + 402*f + 30. What is the units digit of c(25)?
0
Let f = -273 + 297. Suppose 21*z + 1614 = f*z. What is the hundreds digit of z?
5
Let o(s) = -s**2 - 7*s + 7. Let l(p) = -p**2 + 19*p + 4. Let y be l(19). Let q be 5/(-10)*y - 4. What is the tens digit of o(q)?
1
Let o(b) = 7*b**2 + 4*b - 83. Let x = -556 + 566. What is the units digit of o(x)?
7
Let x(p) = 9*p**2 + 36*p + 42. Let g be x(-18). What is the hundreds digit of (g/25)/(-4*5/(-100))?
4
Suppose -6803 = -9*k - 341. What is the units digit of k?
8
What is the hundreds digit of (-77484)/15*((-496)/(-32) - 18)?
9
Suppose 0 = -15*l + 5*l + 5740. Let w = -323 + l. What is the units digit of w?
1
Let h(b) = -b**3 - 4*b**2 - b - 8. Let n be h(-5). Suppose -19*k + n*k = 1332. What is the hundreds digit of k?
4
Let m(o) = o - 14. Let l(d) = -5*d + 71. Let i(f) = 2*l(f) + 11*m(f). Let t be i(16). Suppose -t*a = 5*a - 279. What is the tens digit of a?
3
What is the hundreds digit of 75/((24/(-1480)*-5)/16)?
8
Suppose 1034 = -3*s - 5*n, s - 11*n = -7*n - 339. Let t = s - -765. What is the tens digit of t?
2
Let x(o) be the second derivative of -3*o**5/20 - 2*o**4/3 - 3*o**3/2 - 21*o**2/2 - 167*o. What is the hundreds digit of x(-5)?
1
Let n(b) = -24*b + 5345. What is the units digit of n(0)?
5
Let k(f) = -214*f + 98. Let t be -2 + 22/(-10) + (-91)/(-455). What is the units digit of k(t)?
4
Suppose -2*b - 4*b - 5*b = 0. Suppose 24*l - 1554 - 3726 = b. What is the units digit of l?
0
What is the hundreds digit of 2/5*15955*(-4)/(-8)?
1
Suppose -4*r = -4*f + 2112, 3*f + f - 2*r - 2118 = 0. Let v = f - 313. What is the units digit of v?
8
Let n(t) be the third derivative of -t**6/360 - 31*t**5/120 + t**4/24 + 6*t**2. Let m(c) be the second derivative of n(c). What is the units digit of m(-18)?
5
Let u be (-2 - 0)/((-6)/9). Suppose -u*o + 6*o = 27. Suppose o*l - 5*l - 272 = 0. What is the units digit of l?
8
Suppose -3*t = -2*q - 118, -4*q - 33 = -t + 23. Let m = -4 - -13. What is the units digit of m/t + -1 + 393/12?
2
Let x(g) = -2*g**2 + 23*g + 13. Let a be x(10). Let p = 228 - a. What is the hundreds digit of p?
1
What is the units digit of 3/((-210)/4) + 325696128/9590?
2
Suppose -4*k = -5*l + 187, 10*l - 61 = 8*l - 3*k. Suppose -l*n + 24513 = -31032. What is the thousands digit of n?
1
Suppose -1349106 + 4627885 = -16*c + 83*c. What is the ten thousands digit of c?
4
Suppose -124449 - 7926 = -t. What is the thousands digit of (t/(-150))/((-1)/2)?
1
Let w = -296 + 236. What is the hundreds digit of w/40*((-6502)/6 - 3)?
6
Suppose 2*j - 8676 = -4*g, -4*g = -j - 2*j - 8686. Suppose -12*b = -5*b - g. What is the hundreds digit of b?
3
Let l = 23 - 20. Suppose -l*a - 3 = -171. What is the tens digit of a?
5
Let f(c) = -722*c - 87. What is the tens digit of f(-4)?
0
Suppose 8 = s - 5*v + 2, -3*s = -3*v + 6. What is the units digit of 12/s - (-583 + 1)?
9
Let o = -46 + 51. Let m(q) = 8*q**2 + 6*q - 21. What is the tens digit of m(o)?
0
What is the tens digit of 18978 + -2 + -18 + 26?
8
Let c(w) = 3*w**3 - 36*w**2 + 11*w - 6. Let l be c(15). Let r = -1007 + l. What is the units digit of r?
7
Let r(b) = 68*b**2 - 2*b - 1. Let x be r(-1). Suppose -p + 64 = -4*u + 6*u, p = -u + x. Suppose -3*a + p = -a. What is the units digit of a?
7
Let i be (1*3)/(-11 - -10). Let a be (5 + -6)/(1/i). Suppose -5*g + 4*y = -0*g - 410, -4*g = -a*y - 327. What is the units digit of g?
8
Let w = 25 + -23. Suppose w*o + o - 5*u = 7, -o + 5*u = 1. Suppose -5*y + 381 = 4*l, -255 - 138 = -o*l - y. What is the units digit of l?
9
What is the thousands digit of (10/1*1546/12)/((-75)/(-270))?
4
Let r = 449 - 369. Suppose -r*g + 87*g - 14448 = 0. What is the units digit of g?
4
Let r be (1 - 3)*(5 - (-2015)/(-10)). Let d = r - 226. What is the hundreds digit of d?
1
Suppose 0 = -2*u - 2*u + 196. Suppose -j + 6 = -u. Suppose 3*c - j - 173 = 0. What is the units digit of c?
6
Let k = -9560 + 20510. Suppose 90*w + k = 105*w. What is the units digit of w?
0
Let m be (18 - 72)*(-9)/(-4)*-16. Let a = -1116 + m. What is the tens digit of a?
2
Let v(f) = -52*f + 4. Let o be v(-2). Let l = o + -121. What is the tens digit of 13*3 + 13/l?
3
Let w(y) be the third derivative of 7*y**4/8 - 13*y**3/6 + 13*y**2. Let g(d) = -43*d + 25. Let n(m) = -4*g(m) - 7*w(m). What is the units digit of n(3)?
6
Let f = -707 + 736. Suppose 35*l - f*l - 7116 = 0. What is the tens digit of l?
8
Suppose 0 = 7*f - 32885 - 207684. What is the tens digit of f?
6
Let k be (-3930)/20*(1/3 + -1). Let b = k + -79. Let x = b - 1. What is the tens digit of x?
5
Suppose 2*g - 1079 + 235 = 0. Suppose 3*y - 140 = -g. Let r = y - -136. What is the tens digit of r?
4
What is the tens digit of -2*((-6)/8)/(120/2551280)?
9
Let h be 3 + (-35)/11 - (-13)/11. Let b be 1*6/(-15)*(-20)/h. What is the units digit of (-380)/(-6)*2*6/b?
5
Let a(b) = b**3 + 18*b**2 - 22*b. Suppose 0 = -4*c + 2 - 78. Let g be a(c). Let q = -38 + g. What is the units digit of q?
9
Let c = -212 + 183. What is the units digit of (-8)/(30/c - -1)?
2
Let d(h) be the third derivative of h**6/120 - h**5/60 - 7*h**4/24 + 403*h**3/6 - 43*h**2. What is the hundreds digit of d(0)?
4
Suppose 274 = l + 5*c + 1, -3*l - 2*c = -884. Suppose 0 = -f + 4*t + 672, -3*f + l + 1703 = 3*t. What is the tens digit of f?
6
Let g = 30218 - 5937. What is the hundreds digit of g?
2
Let h(y) be the second derivative of 10*y**2 + 1/6*y**3 - 29*y + 0. What is the units digit of h(15)?
5
Let d(p) = -14*p + 12. Let q = -10 + 6. Let g be d(q). Let n = 103 - g. What is the tens digit of n?
3
Let h(g) be the second derivative of 10/3*g**3 + 0 + 7/2*g**2 - 1/6*g**4 + 23*g. What is the units digit of h(10)?
7
Suppose o - 21 = -15, 2*o + 29613 = 5*i. What is the thousands digit of i?
5
Let g = 7739 + -1053. What is the thousands digit of g?
6
Let h be (-188)/(-47)*(737 - 1). Suppose -10*a + 14*a - h = 0. What is the hundreds digit of a?
7
Suppose 3*p + 2*f + 24 - 188 = 0, -p + 36 = -4*f. Let u be -2*(0 + -2 + 19). Let a = p - u. What is the tens digit of 